t is the remainder when 73276 is divided by 542?
106
Calculate the remainder when 218493 is divided by 109238.
17
Calculate the remainder when 9638 is divided by 84.
62
What is the remainder when 25011 is divided by 183?
123
Calculate the remainder when 4889 is divided by 1609.
62
What is the remainder when 1804 is divided by 594?
22
What is the remainder when 63594 is divided by 950?
894
Calculate the remainder when 1050194 is divided by 4.
2
What is the remainder when 41234 is divided by 243?
167
Calculate the remainder when 11607 is divided by 314.
303
Calculate the remainder when 31700 is divided by 151.
141
What is the remainder when 238108 is divided by 756?
724
Calculate the remainder when 1050 is divided by 147.
21
Calculate the remainder when 4736 is divided by 359.
69
What is the remainder when 1222 is divided by 154?
144
Calculate the remainder when 4189 is divided by 155.
4
Calculate the remainder when 356871 is divided by 356852.
19
What is the remainder when 1641 is divided by 653?
335
What is the remainder when 88637 is divided by 147?
143
Calculate the remainder when 20985 is divided by 20959.
26
Calculate the remainder when 194540 is divided by 4.
0
Calculate the remainder when 2412 is divided by 215.
47
Calculate the remainder when 329968 is divided by 5.
3
What is the remainder when 4747 is divided by 947?
12
Calculate the remainder when 4957859 is divided by 15.
14
What is the remainder when 3260 is divided by 579?
365
Calculate the remainder when 3045 is divided by 161.
147
What is the remainder when 39946 is divided by 3994?
6
Calculate the remainder when 1594 is divided by 46.
30
What is the remainder when 12177 is divided by 761?
1
What is the remainder when 240818 is divided by 57?
50
What is the remainder when 22441 is divided by 58?
53
Calculate the remainder when 3844 is divided by 1868.
108
What is the remainder when 149326 is divided by 37317?
58
What is the remainder when 32651 is divided by 204?
11
Calculate the remainder when 4106 is divided by 4.
2
Calculate the remainder when 4519 is divided by 4383.
136
What is the remainder when 345356 is divided by 8?
4
Calculate the remainder when 41975 is divided by 5990.
45
What is the remainder when 13492 is divided by 96?
52
Calculate the remainder when 741 is divided by 4.
1
What is the remainder when 2347 is divided by 540?
187
What is the remainder when 4307 is divided by 243?
176
What is the remainder when 38339 is divided by 180?
179
Calculate the remainder when 512063 is divided by 90.
53
What is the remainder when 1489 is divided by 425?
214
What is the remainder when 1688 is divided by 389?
132
Calculate the remainder when 31603 is divided by 153.
85
Calculate the remainder when 16230 is divided by 8.
6
Calculate the remainder when 3986 is divided by 1993.
0
Calculate the remainder when 3412 is divided by 3386.
26
Calculate the remainder when 3192 is divided by 3108.
84
What is the remainder when 187681 is divided by 56?
25
Calculate the remainder when 185049 is divided by 219.
213
What is the remainder when 179027 is divided by 354?
257
Calculate the remainder when 347 is divided by 153.
41
What is the remainder when 14483 is divided by 345?
338
What is the remainder when 107457 is divided by 614?
7
What is the remainder when 790 is divided by 15?
10
Calculate the remainder when 24577 is divided by 12273.
31
What is the remainder when 1949 is divided by 647?
8
What is the remainder when 369138 is divided by 4?
2
Calculate the remainder when 996 is divided by 914.
82
What is the remainder when 628 is divided by 245?
138
Calculate the remainder when 9371 is divided by 1338.
5
What is the remainder when 4404 is divided by 4328?
76
What is the remainder when 143393 is divided by 6?
5
What is the remainder when 44932 is divided by 2139?
13
Calculate the remainder when 9635 is divided by 120.
35
Calculate the remainder when 23415 is divided by 5845.
35
What is the remainder when 37085 is divided by 13?
9
What is the remainder when 43294 is divided by 10807?
66
What is the remainder when 186118 is divided by 12?
10
Calculate the remainder when 24444 is divided by 32.
28
Calculate the remainder when 610222 is divided by 305103.
16
What is the remainder when 28105 is divided by 180?
25
What is the remainder when 62484 is divided by 657?
69
Calculate the remainder when 1299323 is divided by 649661.
1
What is the remainder when 4587 is divided by 673?
549
Calculate the remainder when 20530 is divided by 1200.
130
What is the remainder when 14757 is divided by 399?
393
Calculate the remainder when 822606 is divided by 10.
6
Calculate the remainder when 135863 is divided by 222.
221
What is the remainder when 87959 is divided by 22?
3
What is the remainder when 858757 is divided by 54?
49
Calculate the remainder when 21304 is divided by 51.
37
Calculate the remainder when 1316 is divided by 157.
60
What is the remainder when 25730 is divided by 14?
12
Calculate the remainder when 435373 is divided by 215.
213
Calculate the remainder when 2619 is divided by 125.
119
What is the remainder when 8173 is divided by 8166?
7
Calculate the remainder when 46519 is divided by 20.
19
Calculate the remainder when 121519 is divided by 28.
27
What is the remainder when 306 is divided by 144?
18
Calculate the remainder when 735163 is divided by 4.
3
What is the remainder when 49908 is divided by 29?
28
What is the remainder when 151207 is divided by 89?
85
Calculate the remainder when 24804 is divided by 8232.
108
What is the remainder when 29016 is divided by 605?
581
What is the remainder when 113953 is divided by 4748?
1
What is the remainder when 2780 is divided by 577?
472
Calculate the remainder when 232438 is divided by 12.
10
What is the remainder when 5653 is divided by 97?
27
Calculate the remainder when 187391 is divided by 37473.
26
What is the remainder when 2751 is divided by 122?
67
Calculate the remainder when 42176 is divided by 370.
366
Calculate the remainder when 62189 is divided by 36.
17
Calculate the remainder when 3856844 is divided by 456.
452
What is the remainder when 1892 is divided by 853?
186
Calculate the remainder when 1164 is divided by 107.
94
Calculate the remainder when 275223 is divided by 1181.
50
Calculate the remainder when 612804 is divided by 1165.
14
Calculate the remainder when 5509 is divided by 29.
28
What is the remainder when 65961 is divided by 43?
42
Calculate the remainder when 3212676 is divided by 14.
12
Calculate the remainder when 13844 is divided by 3432.
116
What is the remainder when 619437 is divided by 47?
24
Calculate the remainder when 54397 is divided by 114.
19
Calculate the remainder when 90169 is divided by 622.
601
Calculate the remainder when 174613 is divided by 105.
103
What is the remainder when 2210 is divided by 393?
245
Calculate the remainder when 5148 is divided by 630.
108
What is the remainder when 443421 is divided by 186?
183
Calculate the remainder when 1555 is divided by 137.
48
Calculate the remainder when 1062 is divided by 352.
6
Calculate the remainder when 428 is divided by 182.
64
Calculate the remainder when 262504 is divided by 189.
172
What is the remainder when 1203 is divided by 229?
58
Calculate the remainder when 15027 is divided by 90.
87
Calculate the remainder when 7635 is divided by 1524.
15
What is the remainder when 1814 is divided by 594?
32
What is the remainder when 1970296 is divided by 100?
96
What is the remainder when 556069 is divided by 23?
21
What is the remainder when 14483 is divided by 7240?
3
What is the remainder when 690284 is divided by 34?
16
What is the remainder when 368291 is divided by 28330?
1
What is the remainder when 91262 is divided by 64?
62
Calculate the remainder when 424858 is divided by 8851.
10
Calculate the remainder when 9189 is divided by 99.
81
What is the remainder when 60377 is divided by 87?
86
Calculate the remainder when 29266 is divided by 915.
901
Calculate the remainder when 35954 is divided by 172.
6
What is the remainder when 13028 is divided by 3?
2
Calculate the remainder when 1250678 is divided by 40.
38
What is the remainder when 2782882 is divided by 927626?
4
What is the remainder when 9742316 is divided by 48?
44
What is the rema